 - 14. Let t be r(0). Let q = n - t. What is the remainder when 41 is divided by q?
20
Suppose 3*v + 3 + 1 = -2*f, 4*f + 8 = -5*v. Suppose v = u + 3*u - 44. Calculate the remainder when (-24)/((18/8)/(-3)) is divided by u.
10
Suppose 0 = -4*l + 37 + 35. Suppose 3*v = -5*a + 28, -2*v + l = 6*a - 3*a. Calculate the remainder when 8 is divided by v.
2
Let o be (-3)/(-6)*(-1 - -1). What is the remainder when 2/(o + 6/15) is divided by 3?
2
Let c(y) = -9*y - 12. Calculate the remainder when c(-13) is divided by 27.
24
Let j(p) = -p**2 + p + 4. Let b be j(3). Let v = b - -3. Let w(y) = 23*y**2 - 2*y + 1. Calculate the remainder when w(v) is divided by 8.
6
Let j be (2 + 6/(-4))*10. Let a(g) = g**3 - 6*g - 5. Let r be a(-4). What is the remainder when j*42/r*-3 is divided by 5?
4
Let i be -1 + (10 - (-2 + 1)). Suppose -w + i = w. What is the remainder when 14 is divided by w?
4
Suppose 13 = -22*x + 23*x. What is the remainder when x is divided by 6?
1
Suppose 2*k - 5*l + 23 = 3*k, -3*l = 5*k - 71. What is the remainder when 64 is divided by k?
12
Let x be (3 - -2) + -1*3. Calculate the remainder when x/((-4)/(-6)) - -47 is divided by 17.
16
Suppose -4*v = 4 - 452. Suppose -3*u + v = u. What is the remainder when u is divided by (-58)/(-6) + (-7)/(-21)?
8
Let z(f) = -5*f + 38. Calculate the remainder when 21 is divided by z(6).
5
Suppose 0 = 7*w - 3*w - 16. Calculate the remainder when 14 is divided by w.
2
Let k be 2/1 + (26 - 1). Let i = 106 - 39. Let g = i - k. What is the remainder when g is divided by 14?
12
Let t = -2 + 4. Let w(m) = -m**3 + 2*m**2 - 3*m + 2. Let j be w(t). What is the remainder when 243/5 - j/10 is divided by 17?
15
Suppose 0 = -n + 4, -5*d = 5*n - 3*n - 178. Suppose k = -a + d, -17 = 4*a - 5*k - 108. Let t = 22 + -12. Calculate the remainder when a is divided by t.
9
Suppose t - 19 = -5*g, -5*g + t + t + 7 = 0. Suppose 0 = 7*m - 2*m - 15. Suppose m = -3*z + 15. Calculate the remainder when z is divided by g.
1
Let w(b) = b**3 + 5*b**2 + 5*b + 4. Let z be 1*-1 + -2 + 1. What is the remainder when z*5/(-2)*4 is divided by w(-3)?
6
Suppose -4*f = -i + 5*i, -5*i + 1 = 4*f. What is the remainder when 6 is divided by f + 2 + -1 - -4?
2
Calculate the remainder when (9 - -3)*(-14)/(-6) is divided by (-14)/((-1)/1) + (-6 - -7).
13
Suppose 5*j = 2*q + 91, j + 3*q - 25 = -j. What is the remainder when 49 is divided by j?
15
Suppose v + 3*v - 16 = 0. Calculate the remainder when 12 is divided by v.
0
Suppose l - 44 = 3*u - 0*l, -5*l = -u - 10. Let y = u + 26. Calculate the remainder when y is divided by 4.
3
Let t = 7 + 11. Let m(b) = -b**3 + 3*b**2 + 4*b + 2. Let y be m(4). Suppose 0 = 2*a - y - 18. What is the remainder when t is divided by a?
8
Let d(f) = 12*f + 40. What is the remainder when 77 is divided by d(-3)?
1
Suppose -3*c - 4*a + 113 = 0, -10*c + 5*c + a + 173 = 0. What is the remainder when 59 is divided by c?
24
Let j = 155 + -87. Let x(y) = y**2 + 8*y + 9. Let m be x(-7). Suppose -g = h - 5*g - 39, -2*g - 54 = -m*h. What is the remainder when j is divided by h?
22
Let j(h) = h**3 + 9*h**2 + 14*h + 10. What is the remainder when j(-5) is divided by 23?
17
Suppose 0 = -2*k + 13 + 7. Suppose -7 = -3*m + 2. Suppose -26 = -y + 4*f, m*y + 2*f - 102 = -k. What is the remainder when y is divided by 16?
14
Suppose -4*x - 34 = -0*r - 3*r, -8 = -r + 3*x. Let m(q) = -14*q**3 + q**2 + 2. Let g be m(-2). Let w = g - 78. What is the remainder when w is divided by r?
12
Let j(w) = -w + 4. Let p(n) = 3*n - 9. What is the remainder when p(10) is divided by j(-4)?
5
What is the remainder when 290/7 + 32/56 is divided by 11?
9
Let r be 6 + -7 + 0 + 1. Suppose r = -0*q + 4*q - 140. Calculate the remainder when 0 - -2 - q/(-1) is divided by 13.
11
Suppose 3*f - 13 + 4 = 0. Let x be (1 + -1)/(-1 - -2). Suppose 0 = c + f*m - x - 21, -5*c = 2*m - 53. What is the remainder when 26 is divided by c?
8
Let a = 9 + -3. What is the remainder when (-1956)/(-36) - 2/a is divided by 14?
12
Let l(o) = 37*o - 8. What is the remainder when l(1) is divided by 10?
9
Let i be (-2 - (-6)/4)*0. Suppose -4*d = -i*d - 20. What is the remainder when 9 is divided by d?
4
Let c be (3 - 0)*(-2)/(-3). Suppose 4*r + 8 = -4*s - 0*r, -16 = c*s + 5*r. What is the remainder when s is divided by 1?
0
Suppose -7*b = -2*b - 2*u - 184, 5*u = -b + 26. Suppose -3*g + b = g. Calculate the remainder when 10 is divided by g/2*12/9.
4
Let d be 0/(-1 - -2 - 3). Let m be 2/4*4 - d. Suppose 0*f + 36 = m*f. What is the remainder when 52 is divided by f?
16
Let v = -4 - -113. What is the remainder when v is divided by 28?
25
Suppose -w - 10 + 43 = 0. Calculate the remainder when w is divided by 9.
6
Let v be 74 - (-1)/((-3)/(-9)). What is the remainder when 792/v + 2/(-7) is divided by 6?
4
Suppose -p + 24 = 3*d, 5*p - 4*d - d = 40. Suppose -4*c = 5*f - 0 - p, -5*c = -3*f - 15. Let y = 11 + -3. What is the remainder when y is divided by c?
2
Let i(o) = -26*o + 8. What is the remainder when i(-3) is divided by 29?
28
Suppose 0 = 2*n - 15 - 25. Let d = n + -3. What is the remainder when 32 is divided by d?
15
Let r(k) = k**2 + 6*k + 5. Calculate the remainder when 23 is divided by r(-7).
11
Suppose 1 = 2*p + 3. Let y = p + 11. What is the remainder when 18 is divided by y?
8
Suppose r + 4 = l + 2, -5*r + 2*l = -5. What is the remainder when 10 is divided by r?
1
Suppose 4*q + 2*i = -3 + 9, -5*q + 5*i + 45 = 0. Suppose 3*t + 2 = -g, 4*g - 2*t + 60 = -t. Let h = g - -25. Calculate the remainder when h is divided by q.
3
Calculate the remainder when 10 is divided by (-2)/(-4) + 14/4.
2
Let q = 15 + 9. Calculate the remainder when q is divided by 13.
11
Suppose 22 = 2*g + y, -5*g + 2*y = -3*y - 70. Suppose -3*j + 33 + g = 0. What is the remainder when 44 is divided by j?
14
Let d(r) = 2*r**2 - 6*r - 6. What is the remainder when d(6) is divided by 45/(6/2) - -1?
14
Let z(y) = 8*y. Suppose -92*g = -85*g - 203. What is the remainder when g is divided by z(2)?
13
Let q = 98 + -51. Suppose -2*c + 6*c = -12. Calculate the remainder when q is divided by (-8)/(c/(24/4)).
15
Calculate the remainder when 2/(-10) - (-2 + (-784)/20) is divided by 22.
19
Calculate the remainder when 86 is divided by 1*(-58)/(-6)*3.
28
Let v be 8/3*3/(-2). What is the remainder when (2/v)/(3/(-66)) is divided by 6?
5
Suppose -2*k + 2*l = -2, 3*k + 5*l = -k + 31. Suppose p + k = 5*r, 0 = -5*r + 5. What is the remainder when 9 is divided by (-24)/(-6) + (2 - p)?
4
Suppose 3*f + 4*a + 13 = 0, 2*f = -5*a - 5 - 6. Let w be (-29)/(-3) - 1/f. Suppose -3*b + 4*b - w = 0. Calculate the remainder when 28 is divided by b.
8
Suppose 3*l + 83 - 11 = 4*x, 5*x - 95 = 5*l. Let s(y) = 6*y - 16. Calculate the remainder when s(7) is divided by x.
11
Let h(n) = -n**2 + 31. Let f(z) = 14*z**2 + 4*z - 2. Calculate the remainder when h(0) is divided by f(1).
15
Let z(m) = -34*m**2 + 1. Let r be z(-1). Calculate the remainder when 0 - (4 - 2) - r is divided by 11.
9
What is the remainder when (8/((-32)/22))/((-1)/2) is divided by 3?
2
Let r be (7 + -4)/3*-63. Let i = -35 - r. Calculate the remainder when i is divided by 16.
12
Let d = 4 - 1. Let p(c) = c**3 - c**2 + 2. Calculate the remainder when p(d) is divided by 11.
9
Suppose -3*p - 4*c + 18 = -3*c, -5*p + 2*c = -30. Let y be (-2)/1 + 2 - -2. Let a = p + y. Calculate the remainder when 22 is divided by a.
6
Let m = 21 - -18. What is the remainder when 153 is divided by m?
36
Suppose 3*c + 93 = u + 25, 5*u + 5*c - 280 = 0. Let t = 46 - 26. What is the remainder when u is divided by t?
19
Calculate the remainder when (-6)/(-4) + 49/2 is divided by 10.
6
Suppose 3*t = 2*f + 26, -5*f - 28 = -4*t + 16. Let d be (0 + -1)/1 - -9. Suppose 5*m - d - 12 = 0. What is the remainder when t is divided by m?
2
Suppose 3*l - 22 = 95. Calculate the remainder when l is divided by (105/28)/(6/16).
9
What is the remainder when (2 - 1)*-14*(-50)/4 is divided by 22?
21
Suppose 2*r + 5*g + 56 = g, 4*g = 4*r + 112. Let k = 52 + r. Suppose -4*d = -2*l + k, -2*l + l - 2*d + 32 = 0. What is the remainder when l is divided by 12?
10
Suppose 0 = 4*k - 0*k - 88. Suppose -4*t = -k - 22. What is the remainder when 42 is divided by t?
9
Suppose 0 = -4*i - 10 + 102. Let m = 34 - i. Calculate the remainder when 31 is divided 